18)/(3/m). Suppose -t = q - 2*q. What is the units digit of q?
9
Let z be (-2)/(-1) - (5 - 75/(-5)). Let k be 4/3*z/(-12)*7. What is the units digit of 5/(-1)*(k/(-5))/2?
7
Suppose 694*h = 696*h - 10. Suppose -2813 = -h*t + 1082. What is the units digit of t?
9
Let q = 442 + 433. Suppose -2*j - 5*i + q = -10*i, 0 = -3*j - 3*i + 1365. What is the tens digit of j?
5
Suppose -b + c + 3 = 0, -2*c = -1 + 3. Let i be b/(-2)*(0 + (2 - 2)). Suppose -2*n - n + 345 = i. What is the tens digit of n?
1
Suppose 32*g + 19*g - 370070 = 844801. What is the ten thousands digit of g?
2
Suppose 33896 = 2*u - 121814. What is the thousands digit of u?
7
Let i(n) be the second derivative of n**5/20 + 5*n**4/6 - n**3/3 + 4*n**2 - 20*n. Let v be i(-10). What is the tens digit of (49/v)/(2/24)?
2
Let z(i) = -931*i**3 - 4*i**2 - i - 1. Let o be (-343)/441 + (-2)/9. What is the hundreds digit of z(o)?
9
Let d(z) = z - 13. Let l be d(17). Suppose -l*u = 3 - 15. What is the tens digit of 110/3*(u - 12/(-8))?
6
Suppose 91*f - 5190415 = -58*f. What is the tens digit of f?
3
Let g = 172 - 168. What is the units digit of 71 + 2/(g - 9/2)?
7
Let g = -9133 - -10276. What is the thousands digit of g?
1
Suppose 10*s = 6*s + 16. Let n be -54 + -4 + s + 1. Let k = 3 - n. What is the tens digit of k?
5
Let i(r) = -r**3 - 6*r**2 + 9*r + 19. Let p be i(-16). Let k = p - 1721. What is the tens digit of k?
1
Suppose -24*y = 3578 - 37274. What is the units digit of y?
4
Let o(b) = 186*b**2 - 92*b + 2266. What is the tens digit of o(21)?
6
Suppose -5*x + 5*q + 3510 = 0, 4*x - 6*x - 2*q + 1388 = 0. Suppose -x = 70*j - 71*j. What is the tens digit of j?
9
Suppose -2*z - 5*q - 47879 = 0, 2*z + 119738 = -3*z + q. What is the hundreds digit of z/(-88) + (9/(-8) - -1)?
2
Let o = 758 + 9577. What is the thousands digit of o?
0
Let v be -3*(-4)/(-12)*-2. Suppose -3*g + 382 + 140 = 3*x, -5*g + 870 = -v*x. What is the hundreds digit of g?
1
Let k = -18662 - -56753. What is the hundreds digit of k?
0
Suppose -2793 = 3*m + 4*w, -2*w - 486 = m + 443. Let z = 1963 + m. What is the units digit of z?
8
Let y = 6321 - 957. What is the units digit of y?
4
Suppose -11667 + 513 = -22*m. Let v = m - -676. What is the thousands digit of v?
1
Let r(i) = 431*i**2 - 79*i - 5. What is the ten thousands digit of r(9)?
3
Suppose 101046 = 19*k - 17248. What is the units digit of k?
6
Let n(l) = -6*l - 6*l + 8*l - 12 + 5*l. Let r be n(11). Let y(c) = -65*c**3 - c**2 + c + 1. What is the units digit of y(r)?
4
Let p = 20016 - 9896. What is the units digit of p?
0
Let b be (1 + 19)*((-51)/(-12))/17. Suppose -r + b*l = -317, 0*r + 5*r - 1504 = -2*l. What is the hundreds digit of r?
3
Suppose -4*o - 5*r + 7 = -113, -r = -3*o + 109. Suppose o*k = 32*k + 21. Suppose k*g + 0*g - 357 = 0. What is the tens digit of g?
5
Suppose -164*u - 3369294 = -238*u. What is the ten thousands digit of u?
4
What is the thousands digit of 1894 + 30/(105/7)?
1
Suppose 5*o - 1245 - 6125 = 0. Suppose o - 8914 = -10*c. What is the tens digit of c?
4
Let k = 606 - 1025. Let q = -82 - k. What is the hundreds digit of q?
3
Let r = -14095 + 23039. Suppose 4*n = 30*n - r. What is the hundreds digit of n?
3
Suppose m + 5*u - 1009 = 2*u, 4*u + 3040 = 3*m. Let f = m + -307. What is the hundreds digit of f?
7
Suppose -18*n - 89*n + 990846 = -249177. What is the units digit of n?
9
Suppose 1656923 = 31*v + 394665. What is the thousands digit of v?
0
Suppose k + 2*k - 6 = 0. Suppose k*r = -7*r + 6255. Suppose -t = 5*j - 705, 5*j - r = 2*t - t. What is the units digit of j?
0
What is the thousands digit of ((-5538)/(-639))/(2/1305 + 0)?
5
Let o be (-11229)/6 + (-3)/(-6) - -3. Let n = 3529 + o. Suppose 13*l - n = 2*l. What is the hundreds digit of l?
1
Suppose 0 = 4*n + 2 - 22. Suppose 4*y + 9 + 3 = 0, 0 = n*z + y - 72. Suppose z*o - 40 = 10*o. What is the units digit of o?
8
Let y(m) = -49*m + 1. Let g be y(-3). Suppose 4*c + 24 = n, -2*n = -n + 4*c + 8. Suppose -g - 52 = -n*h. What is the tens digit of h?
2
Suppose 2*c - 1985 = 5*v, 50 = 10*v + 40. What is the units digit of c?
5
Suppose -121*p + 50796 = 5542. Let a be -1 + (181 + -2)*1. Let z = p - a. What is the hundreds digit of z?
1
Suppose 0 = -59*c - 59*c + 116*c + 16356. What is the units digit of c?
8
Let t(b) = 418*b - 49. Let d be t(-1). What is the tens digit of (-20)/(-30) - d/(-6)*-10?
7
Let l be (44/(-55))/(2/10). Let n be (-3 + 4/16)*l. Let q(s) = -s**2 + 14*s - 28. What is the units digit of q(n)?
5
Let b = 10441 - -43064. What is the units digit of b?
5
Let w(v) = -v**2 + 16*v - 46. Let q be w(12). Suppose q*p - 735 = f, 0 = f + 2 + 3. What is the hundreds digit of p?
3
What is the units digit of -84*(-2)/2*(-11947)/(-26)?
8
Let r(g) = g**2 + 9*g + 822. Let j be r(0). Let u = j + -572. What is the hundreds digit of u?
2
What is the units digit of (-664)/(((-4)/(-78))/((-2)/6))?
6
What is the units digit of (2466/(-21))/((-16)/728)?
3
What is the thousands digit of 100/(-12)*(-367 - -31)?
2
Suppose -18392 = -23*m - 15*m. Let c = m - -1060. What is the hundreds digit of c?
5
Let v(h) be the second derivative of 7/2*h**2 - 18*h - h**3 + 0 + 1/12*h**4. What is the units digit of v(-12)?
3
Suppose 10 = -5*k, 2*n = -k + 78 + 14. Suppose -182 = -5*b - n. Let p = 87 - b. What is the tens digit of p?
6
Let r = -37 + 37. Suppose r*j - 976 = 4*j. Let y = j - -353. What is the units digit of y?
9
Let n be (3 - 2*285/12)*2. Let j = n + 89. Suppose j = 29*k - 21*k - 472. What is the units digit of k?
9
Suppose -1641*y + 1684*y - 18060 = 0. What is the units digit of y?
0
Let z = 805 - 802. Suppose z*c = -1826 + 6359. What is the thousands digit of c?
1
Let a = 12 - -29. Suppose 4*q - 3 = w + 35, 5*q = -2*w + a. What is the units digit of 6/q + 235/3 + 2?
1
Let w(i) = -i**3 + 2*i**2 - 1. Let n(m) = -37*m**3 + m**2 - 3. Let o(q) = -n(q) + 2*w(q). What is the hundreds digit of o(3)?
9
Let b be ((-3)/3*-3)/(33/22). Suppose -2*s + b*k = -381 - 533, -3*s - k + 1371 = 0. What is the units digit of s?
7
Let c(a) = -13025*a**3 - 3*a**2 - 18*a - 16. What is the tens digit of c(-1)?
2
What is the tens digit of (-278 - 2)/(((-126)/(-585))/(-7)) + 3?
0
Let d be -1 - -35481 - 45/(-9). Suppose -32*n = -24483 - d. What is the units digit of n?
4
Let z(t) = -33*t**2 - 22*t + 18. Let q(r) = -5*r**2 + 1. Let j(o) = 3*q(o) - z(o). What is the hundreds digit of j(7)?
0
Suppose -5*z = h - 47133, 4*h - 3*h - 9429 = -z. What is the thousands digit of z?
9
Suppose -2*c + 4139 = 5*d, -18*c + 5*d = -23*c + 10325. Suppose -4*z - 19 + 1063 = 2*r, 4*r - 5*z = c. What is the units digit of r?
8
Let a = 809 - 810. Suppose -3*p - m - 4*m - 16 = 0, 2 = -2*p + m. What is the units digit of (a/(-2))/(p/(-92))?
3
Let d = 7045 + -3641. Suppose 0 = 25*k - d - 3221. What is the units digit of k?
5
Suppose -4*a = -0*a + 2364. Suppose -4*x - 1500 = -4*n, n = -20*x + 25*x + 1879. Let t = x - a. What is the units digit of t?
5
Let y = -352 - -6456. What is the tens digit of y?
0
Let l = -28161 - -46496. What is the ten thousands digit of l?
1
Suppose -5*k + 915 = -3*q - 589, -k = 3*q + 1492. Let b = q + 1565. What is the units digit of b?
7
Suppose 0 = 3*s + 5*k - 91, -2*s + s + 32 = 2*k. Suppose -2*d - 2*f + s = -10, -d = 5*f. Let x = d - 10. What is the units digit of x?
0
What is the tens digit of 3857 - (3 - (15 - 7) - -10)?
5
Suppose 4*d + 2*r - 12 = 6*r, -2*r = -5*d + 15. Suppose -5 = -d*a - 950. Let u = -195 - a. What is the units digit of u?
0
Let f = 878 + -1840. Let d = f + 1632. Suppose 10*p = -0*p + d. What is the units digit of p?
7
Suppose 0 = 2*o + 5*g - 1, -6*o = -3*o + 5*g + 1. Suppose -2*d = j - 118, d - 2*j + 28 = 92. Let f = d - o. What is the tens digit of f?
6
Let i be (-3 - 10/(-6))*45/(-6). Let k(n) = n**3 - 7*n**2 + 17*n + 41. What is the hundreds digit of k(i)?
5
Suppose -15*o = -17*o - 3*l + 15, l - 5 = -2*o. What is the units digit of 5 + o + (2 - -279)?
6
Suppose 4*p - 8843 - 3638 = -5*m, 2*p = -m + 6239. What is the units digit of p?
9
Let q be -60*(-45)/(-12)*(-4)/(-10). Let o = q + 864. What is the hundreds digit of o?
7
Let n = 22 - 18. Suppose 4*b - s = -23 + 184, n*b - 167 = -s. Suppose 39*f - b*f = -280. What is the tens digit of f?
4
Let x = -229 - -236. Suppose -v - 3*o + 714 = -x*o, -5*o = -4*v + 2867. 